{"id":15,"date":"2020-05-15T12:42:08","date_gmt":"2020-05-15T10:42:08","guid":{"rendered":"http:\/\/dev.steinsaeulen.ch\/?post_type=product&#038;p=15"},"modified":"2026-03-04T14:46:31","modified_gmt":"2026-03-04T13:46:31","slug":"wasserzapfsaeule-granit-grau-gespitzt","status":"publish","type":"product","link":"https:\/\/www.steinsaeulen.ch\/fr\/produkt\/wasserzapfsaeule-granit-grau-gespitzt\/","title":{"rendered":"Wasserzapfs\u00e4ule Granit grau gespitzt"},"content":{"rendered":"<div class=\"sticky top-0 juice:p-3 mb-1.5 flex items-center justify-between z-10 h-14 p-2 font-semibold bg-token-main-surface-primary\">\n<div class=\"flex gap-2 pr-1\">\n<div class=\"flex items-center justify-center overflow-hidden rounded-full h-7 w-7\"><\/div>\n<\/div>\n<\/div>\n<div class=\"w-full text-token-text-primary\" dir=\"auto\" data-testid=\"conversation-turn-5\" data-scroll-anchor=\"true\">\n<div class=\"py-2 px-3 text-base md:px-4 m-auto md:px-5 lg:px-1 xl:px-5\">\n<div class=\"mx-auto flex flex-1 gap-3 text-base juice:gap-4 juice:md:gap-6 md:max-w-3xl\">\n<div class=\"relative flex w-full min-w-0 flex-col agent-turn\">\n<div class=\"flex-col gap-1 md:gap-3\">\n<div class=\"flex flex-grow flex-col max-w-full\">\n<div class=\"min-h-[20px] text-message flex flex-col items-start whitespace-pre-wrap break-words [.text-message+&amp;]:mt-5 juice:w-full juice:items-end overflow-x-auto gap-2\" dir=\"auto\" data-message-author-role=\"assistant\" data-message-id=\"3b63f763-ebc4-4d49-919f-ace336f84cf1\">\n<div class=\"flex w-full flex-col gap-1 juice:first:pt-[3px]\">\n<div class=\"markdown prose w-full break-words dark:prose-invert light\">\n<p>Entdecken Sie unsere elegante Wasserzapfs\u00e4ule aus hochwertigem, grauen Granit. Diese exquisit gestaltete Zapfs\u00e4ule vereint Funktionalit\u00e4t mit \u00e4sthetischem Design und wird zum Blickfang in Ihrem Garten, auf Ihrer Terrasse oder in Ihrem Au\u00dfenbereich.<\/p>\n<p>Die Wasserzapfs\u00e4ule ist nicht nur praktisch f\u00fcr die Bew\u00e4sserung Ihrer Pflanzen, sondern auch ein dekoratives Highlight, das Ihren Au\u00dfenbereich versch\u00f6nert. Hergestellt aus robustem, echtem Granit, ist sie langlebig und witterungsbest\u00e4ndig und damit ideal f\u00fcr den ganzj\u00e4hrigen Einsatz im Freien geeignet.<\/p>\n<p>Dank ihres zeitlosen Designs f\u00fcgt sich die Wasserzapfs\u00e4ule harmonisch in verschiedene Garten- und Landschaftsgestaltungen ein und ist vielseitig einsetzbar. Ob als stilvolles Element in einem formellen Garten, als praktische Wasserquelle auf einer Terrasse oder als dekoratives Highlight neben einem Teich &#8211; diese Wasserzapfs\u00e4ule ist die perfekte Erg\u00e4nzung f\u00fcr jeden Au\u00dfenbereich.<\/p>\n<\/div>\n<\/div>\n<\/div>\n<\/div>\n<\/div>\n<\/div>\n<\/div>\n<\/div>\n<\/div>\n","protected":false},"excerpt":{"rendered":"<p lang=\"zxx\" xml:lang=\"zxx\" align=\"left\">Wasserzapfs\u00e4ule aus grauem Granit.<\/p>\n<p lang=\"zxx\" xml:lang=\"zxx\" align=\"left\">Der Naturstein ist rundum gespitzt.<\/p>\n<p lang=\"zxx\" xml:lang=\"zxx\" align=\"left\">Form und Farbe k\u00f6nnen aufgrund des Natursteins der Wasserzapfpalisaden leicht von den Bildern abweichen.<\/p>\n<p lang=\"zxx\" xml:lang=\"zxx\" align=\"left\">Gewicht der Wasserzapfstele: ca. 28kg<br \/>\nGewicht mit Verpackung: ca 35 kg<\/p>\n<p lang=\"zxx\" xml:lang=\"zxx\" align=\"left\">Masse: ca. 12 x 12 Gesamtl\u00e4nge: ca. 90 cm<\/p>\n<p lang=\"zxx\" xml:lang=\"zxx\" align=\"left\"><a href=\"https:\/\/www.steinsaeulen.ch\/de\/varianten-wasserzapfsaeulen\/\">Beispiele der verschiedenen Varianten gibt es hier.<\/a><\/p>\n<p lang=\"zxx\" xml:lang=\"zxx\" align=\"left\"><a href=\"https:\/\/www.steinsaeulen.ch\/de\/aufbauanleitung\/\">Link zur Aufbauanleitung<\/a><\/p>\n","protected":false},"featured_media":9412,"template":"","meta":[],"product_brand":[],"product_cat":[24],"product_tag":[],"woo-feed-brand":[],"class_list":{"0":"post-15","1":"product","2":"type-product","3":"status-publish","4":"has-post-thumbnail","6":"product_cat-wasserzapfsaeulen","7":"product_shipping_class-ab-30-kg","8":"pa_stein-granit","9":"pa_steinverarbeitung-gespitzt","11":"first","12":"instock","13":"taxable","14":"shipping-taxable","15":"purchasable","16":"product-type-variable","17":"has-default-attributes"},"_links":{"self":[{"href":"https:\/\/www.steinsaeulen.ch\/fr\/wp-json\/wp\/v2\/product\/15","targetHints":{"allow":["GET"]}}],"collection":[{"href":"https:\/\/www.steinsaeulen.ch\/fr\/wp-json\/wp\/v2\/product"}],"about":[{"href":"https:\/\/www.steinsaeulen.ch\/fr\/wp-json\/wp\/v2\/types\/product"}],"wp:featuredmedia":[{"embeddable":true,"href":"https:\/\/www.steinsaeulen.ch\/fr\/wp-json\/wp\/v2\/media\/9412"}],"wp:attachment":[{"href":"https:\/\/www.steinsaeulen.ch\/fr\/wp-json\/wp\/v2\/media?parent=15"}],"wp:term":[{"taxonomy":"product_brand","embeddable":true,"href":"https:\/\/www.steinsaeulen.ch\/fr\/wp-json\/wp\/v2\/product_brand?post=15"},{"taxonomy":"product_cat","embeddable":true,"href":"https:\/\/www.steinsaeulen.ch\/fr\/wp-json\/wp\/v2\/product_cat?post=15"},{"taxonomy":"product_tag","embeddable":true,"href":"https:\/\/www.steinsaeulen.ch\/fr\/wp-json\/wp\/v2\/product_tag?post=15"},{"taxonomy":"woo-feed-brand","embeddable":true,"href":"https:\/\/www.steinsaeulen.ch\/fr\/wp-json\/wp\/v2\/woo-feed-brand?post=15"}],"curies":[{"name":"wp","href":"https:\/\/api.w.org\/{rel}","templated":true}]}}

Wasserzapfsäule Granit grau gespitzt

<div class="sticky top-0 juice:p-3 mb-1.5 flex items-center justify-between z-10 h-14 p-2 font-semibold bg-token-main-surface-primary">
<div class="flex gap-2 pr-1">
<div class="flex items-center justify-center overflow-hidden rounded-full h-7 w-7"></div>
</div>
</div>
<div class="w-full text-token-text-primary" dir="auto" data-testid="conversation-turn-5" data-scroll-anchor="true">
<div class="py-2 px-3 text-base md:px-4 m-auto md:px-5 lg:px-1 xl:px-5">
<div class="mx-auto flex flex-1 gap-3 text-base juice:gap-4 juice:md:gap-6 md:max-w-3xl">
<div class="relative flex w-full min-w-0 flex-col agent-turn">
<div class="flex-col gap-1 md:gap-3">
<div class="flex flex-grow flex-col max-w-full">
<div class="min-h-[20px] text-message flex flex-col items-start whitespace-pre-wrap break-words [.text-message+&amp;]:mt-5 juice:w-full juice:items-end overflow-x-auto gap-2" dir="auto" data-message-author-role="assistant" data-message-id="3b63f763-ebc4-4d49-919f-ace336f84cf1">
<div class="flex w-full flex-col gap-1 juice:first:pt-[3px]">
<div class="markdown prose w-full break-words dark:prose-invert light">
<p>Entdecken Sie unsere elegante Wasserzapfsäule aus hochwertigem, grauen Granit. Diese exquisit gestaltete Zapfsäule vereint Funktionalität mit ästhetischem Design und wird zum Blickfang in Ihrem Garten, auf Ihrer Terrasse oder in Ihrem Außenbereich.</p>
<p>Die Wasserzapfsäule ist nicht nur praktisch für die Bewässerung Ihrer Pflanzen, sondern auch ein dekoratives Highlight, das Ihren Außenbereich verschönert. Hergestellt aus robustem, echtem Granit, ist sie langlebig und witterungsbeständig und damit ideal für den ganzjährigen Einsatz im Freien geeignet.</p>
<p>Dank ihres zeitlosen Designs fügt sich die Wasserzapfsäule harmonisch in verschiedene Garten- und Landschaftsgestaltungen ein und ist vielseitig einsetzbar. Ob als stilvolles Element in einem formellen Garten, als praktische Wasserquelle auf einer Terrasse oder als dekoratives Highlight neben einem Teich &#8211; diese Wasserzapfsäule ist die perfekte Ergänzung für jeden Außenbereich.</p>
</div>
</div>
</div>
</div>
</div>
</div>
</div>
</div>
</div>

<p lang="zxx" xml:lang="zxx" align="left">Wasserzapfsäule aus grauem Granit.</p>
<p lang="zxx" xml:lang="zxx" align="left">Der Naturstein ist rundum gespitzt.</p>
<p lang="zxx" xml:lang="zxx" align="left">Form und Farbe können aufgrund des Natursteins der Wasserzapfpalisaden leicht von den Bildern abweichen.</p>
<p lang="zxx" xml:lang="zxx" align="left">Gewicht der Wasserzapfstele: ca. 28kg<br />
Gewicht mit Verpackung: ca 35 kg</p>
<p lang="zxx" xml:lang="zxx" align="left">Masse: ca. 12 x 12 Gesamtlänge: ca. 90 cm</p>
<p lang="zxx" xml:lang="zxx" align="left"><a href="https://www.steinsaeulen.ch/de/varianten-wasserzapfsaeulen/">Beispiele der verschiedenen Varianten gibt es hier.</a></p>
<p lang="zxx" xml:lang="zxx" align="left"><a href="https://www.steinsaeulen.ch/de/aufbauanleitung/">Link zur Aufbauanleitung</a></p>
